Let v be ((-10)/4)/((-1)/(-2)). Let h(f) = v*c(f) - 4*g(f). Is h(-9) a composite number?
False
Let a = -14 + 4. Let z = 12 - a. Let q = z + -11. Is q a prime number?
True
Let o(l) = 5*l**2 - 7*l - 1. Let x = -8 - -13. Is o(x) prime?
True
Suppose -147 = -a + 68. Is a a composite number?
True
Let b be 5/(-20) - (-135)/12. Is 2/b - 1395/(-11) a prime number?
True
Let v = 10 - 6. Suppose -3*q + 23 = 4*w + 9, 3*w - v*q = 23. Suppose 5*u + 39 - 233 = 3*m, w*u - m = 188. Is u prime?
True
Let n = -95 - -183. Let a = 21 + n. Is a prime?
True
Let z be (-15)/20*(1 - 25). Let n(j) = 23*j**2 - z*j**2 + 18*j**2 - 1. Is n(-2) prime?
False
Suppose 2*c = -5*t + 759, -4*t + 754 = 3*c - c. Is c prime?
True
Suppose 5*a - 22 = -2. Suppose -5*h + h = u - 139, -u - 141 = -a*h. Is h a composite number?
True
Let h(z) = -4*z**3 - 5*z**2 - 3*z. Let c be h(-5). Suppose -55 = -5*v + c. Is v composite?
False
Let m(h) = 22*h + 9. Suppose 3*w + 28 = 7*w. Is m(w) a composite number?
False
Let a(l) = 0*l - 16*l - 7*l. Let h(r) = -r**3 - 10*r**2 - 11*r - 19. Let i be h(-9). Is a(i) a composite number?
False
Let v(f) be the second derivative of f**5/20 + f**4/2 + f**3/6 + 4*f**2 - 5*f. Let m be v(-6). Let u(s) = 8*s**3 + s**2 - s - 1. Is u(m) composite?
True
Suppose 0 = -2*r - 5*g + 187, 0*g = 2*r + 2*g - 178. Suppose 93 = u - r. Is u a composite number?
False
Suppose 2*w + 1194 = 8*w. Is w prime?
True
Suppose 0 = -28*c + 25*c + 2109. Is c composite?
True
Let c be (-2)/1 - 0/4. Let d be 0*2*(-1)/c. Suppose d = -5*w + 3*q + 210, w + 215 = 6*w - 4*q. Is w a composite number?
True
Let s(l) = l**2 - 10*l + 6. Let q be s(9). Let v be ((-2)/q)/((-6)/(-387)). Suppose 3*g = 4*p + 369, g + 5*p - 99 = v. Is g a prime number?
True
Suppose -4*l + 5*h + 1432 = 0, h = 2*l + 2*h - 702. Suppose -3*c + 63 = -2*v + l, 5*v - c = 712. Is v composite?
True
Suppose -11*x - 1508 = -13*x. Suppose 3*o - 4*z = 1099, -3*z = -4*o + x + 723. Is o a composite number?
False
Suppose 5*m - m + q - 1713 = 0, 0 = -4*m - 4*q + 1728. Suppose 0 = 4*i - 4*w - 424, -w - 2*w - m = -4*i. Is i composite?
False
Suppose 8 = 5*v - 72. Let r(g) = 8 + g + v + 11. Is r(0) composite?
True
Let o be ((-7)/(-2))/((-4)/(-8)). Let k(q) = -q**3 + 6*q**2 + 8*q - 5. Let b be k(o). Suppose 0 = 5*g + 4*n - 14 - 96, -4*g = b*n - 88. Is g prime?
False
Suppose -4*w - 5*p + 10614 = 0, 10 = 2*p + 3*p. Is w a prime number?
False
Let b be 0/(-2 - -2 - -1). Let z(l) = l**2 - l - 8. Let w be z(b). Let m = 15 - w. Is m a prime number?
True
Let r = -3 - -15. Suppose j - 4*g + 1 = 0, 3*g - 5*g = 2*j - 8. Is (2/j)/(r/198) a composite number?
False
Suppose 0 = q - 2*q + 113. Is q a prime number?
True
Suppose -117 = -4*f + 343. Is f a prime number?
False
Suppose -7*c + 2*c = 20. Let p(v) = 7*v**2 + 2*v**2 - v**2 + 2*v + 1. Is p(c) a composite number?
True
Suppose -2*t = 5*x - 580 + 200, 5*x = -t + 195. Is t a composite number?
True
Let a be 0/(-5)*(-1)/(-2). Suppose a*d + 5*d = -90. Is -7*1*d/21 a composite number?
True
Let i(l) = 4*l**2. Let p be i(12). Suppose -3*r - r = -p. Suppose -2*m - 10 = -r. Is m composite?
False
Let n(q) = q**2 - q - 2. Let b be n(-2). Suppose -2*s - f = -22, 3*s - f - 39 = -b*f. Is s a composite number?
True
Let z = 48 + -7. Suppose b - a = -b + 67, -b = -2*a - z. Is b a composite number?
False
Suppose 5*h - 4111 = -2*x, -5*x - 4*h + 2*h = -10267. Is x prime?
True
Let w = 206 - -153. Is w a composite number?
False
Let o(s) = -57*s + 74. Is o(-25) a prime number?
True
Let v = -11377 + 16268. Is v prime?
False
Suppose 0 = -l + 17 + 32. Let m = l + -19. Suppose g = -g + m. Is g prime?
False
Let j(t) = -47*t - 4. Let v be j(-7). Suppose 2*y = 7*y - v. Is y a composite number?
True
Let c = 1673 - 676. Is c composite?
False
Suppose r - 133 = 172. Is r a composite number?
True
Suppose -a = 5, -m + a + 6 - 2 = 0. Is -1 + (-130)/m + -2 composite?
False
Is (894/(-9))/(5/(-15)) composite?
True
Let s be (-4)/6 - 32/24. Let x(y) = -6*y**3 - y**2 + 2*y + 3. Is x(s) composite?
False
Let o = 3 + -6. Is (1 + o)/(-2) - -330 prime?
True
Suppose l - 6*l + 25 = 0. Let y(h) = 8*h - 5. Is y(l) prime?
False
Is 4/(-22) - -2*60798/132 prime?
False
Let y(n) = -1 - 9*n - 4 - 2. Let f(l) = 8*l + 6. Let t(d) = 6*f(d) + 5*y(d). Is t(8) a prime number?
False
Let k(p) = p**2 + 8*p + 2. Let a be k(-7). Let h = a - -7. Is 74/(-1 + 3) - h a prime number?
False
Let d = 211 + -62. Is d composite?
False
Suppose -5*h = -0*v - v - 465, 4*h = -2*v + 372. Is 1 + (1 - h/(-3)) a composite number?
True
Let c = -137 + 255. Suppose 2*y - 259 = -5*u, 2*u - 4*y = -0*u + c. Is u prime?
True
Suppose 3*s + 2*r - 4361 = 0, 4*s - 3443 - 2373 = -2*r. Is ((-4)/4)/((-3)/s) a prime number?
False
Let g(k) = k**2 - 3*k - 3. Let y be g(3). Let c = y - -58. Is c a composite number?
True
Let g = -2 - 6. Let m(c) = -11*c + 9. Is m(g) prime?
True
Let l be 402/18 - 4/(-6). Let c = l + 30. Is c a prime number?
True
Suppose -s + 36 = -2*j - 3*j, -5*s = -5*j - 220. Suppose 2*g = g + s. Is g a prime number?
False
Let l(k) = k**3 + 2*k**2 + 11*k - 25. Is l(8) a prime number?
False
Let q = 4 + 1. Suppose 36 = -q*w - k, w - 8 = 2*w + k. Let x = 17 + w. Is x composite?
True
Suppose -2*r = -7*r - 3*l - 5, -3*l = 15. Suppose -4*j - 18 + 2 = r*p, 5*j + 21 = -2*p. Let z = 2 + p. Is z prime?
False
Let m be 3*((-4)/(-3) + -2). Let s be (-108)/8 + m/(-4). Let v = 20 + s. Is v composite?
False
Is 2/(4/(-2)) + 930/5 a composite number?
True
Suppose 7*q - 58361 = -10*q. Is q composite?
False
Suppose 4*r - 2520 = -5*m, 5*m + r - 2812 = -277. Suppose u + 3*u = m. Is u composite?
False
Let t = -20 - -257. Is t a prime number?
False
Let s(y) = y**3 - 2*y**2 + y + 1. Let l be s(2). Is -201*(2/l - 1) composite?
False
Let j(c) = -c**2 - c + 242. Let d be j(0). Suppose -d = -3*q + q. Is q composite?
True
Let w(n) = -9*n**2 - 21*n. Let p(j) = -4*j**2 - 10*j. Let i(g) = -7*p(g) + 3*w(g). Let o be i(-7). Suppose o*q = -5*q + 15. Is q composite?
False
Let l(j) be the second derivative of -j**5/20 + 5*j**4/12 - j**3/6 - 5*j**2/2 + j. Let v be l(4). Suppose 0 = k + v - 66. Is k composite?
False
Suppose 0 = 4*n - 6358 - 6462. Is n prime?
False
Is (1/3)/(2/1842) composite?
False
Let d = 6 + -3. Suppose -d*v = -4*c + 8, 8*c - 4*c = v + 16. Suppose -93 + 488 = c*a. Is a a composite number?
False
Let u be (-204)/(-21) + (-2)/(-7). Let g be (3 + -13)*24/u. Let w = g - -38. Is w composite?
True
Suppose 0 = -h + 2*t - 3, 0 = -5*h - t - t - 15. Let g = h - -62. Is g composite?
False
Suppose -3*i = 2*i - 15. Suppose 3*t - w - 342 = 0, -4*w = i*t - 0*t - 327. Is 2 - (1 - t - 1) prime?
False
Let t(a) = -52*a + 2. Is t(-3) composite?
True
Let l = 7 - -23. Let k = -8 + -1. Is (l/k)/((-2)/9) a prime number?
False
Let z(v) = 12*v - 1. Let s = 3 - 0. Is z(s) a composite number?
True
Suppose 0 = -19*r + 23*r - 236. Is r a prime number?
True
Suppose 3*x - 7*n = -3*n + 34, -3*n = -4*x + 36. Suppose -4*q - 615 = -5*l, -2*q + 488 = 4*l - x*q. Is l prime?
True
Let n = 8 + -11. Is ((-434)/6 + 2)*n a composite number?
False
Suppose -3 - 7 = -5*q, -o + 8 = q. Suppose 3*v - 4*v - o = 0. Let p = v + 16. Is p prime?
False
Suppose -9 = -2*t + 7. Let p be 4006/t - 4/(-16). Let q = p + -344. Is q a composite number?
False
Let n be (5/(-15))/((-1)/6). Suppose 2*s + n*s - 2084 = 0. Is s a prime number?
True
Suppose 2*m - 3*m + 257 = 0. Is m prime?
True
Suppose -2*y = -y + 408. Let b = y - -734. Is b a composite number?
True
Let l = -1214 - -1751. Is l a prime number?
False
Let o(u) = -2*u**3 + 4*u**2 + 5*u + 4. Let t(r) be the first derivative of r**2 + 5*r + 1. Let c be t(-4). Is o(c) prime?
True
Suppose 3*a = 1462 + 1559. Is a composite?
True
Is (-2*(-3)/(-6))/((-2)/1614) a composite number?
True
Let m be (5/10)/(2/(-1304)). Let n = m - -627. Is n a prime number?
False
Suppose 2*w = 6*w. Suppose 2*l - 118 - 36 = w. Is l a composite number?
True
Let w(k) = k**2 - k. Let t be w(0). Suppose 0 = -v - q + 621, 2*v + t*v - 1244 = -q. Is v a prime number?
False
Is 2 - 2 - (-117 + 2) composite?
True
Let b be (-1)/3*1*-15. Suppose -o = b*z - 268, -3*o = z - 0*o - 62. Is z composite?
False
Is (-2 - (-75)/(-6))*-14 a prime number?
False
Let a(b) = -b. Let x(s) = -24*s + 23. Let v(z) = -6*a(z) + x(z). Is v(-7) prime?
True
Let n(z) = 7*z**2 - 3*z - 1. Suppose 4